
List the prime factors of 593.
593
List the prime factors of 1937.
13, 149
What are the prime factors of 396?
2, 3, 11
What are the prime factors of 1309?
7, 11, 17
What are the prime factors of 2708?
2, 677
List the prime factors of 68880.
2, 3, 5, 7, 41
What are the prime factors of 29?
29
What are the prime factors of 9278?
2, 4639
List the prime factors of 8506.
2, 4253
What are the prime factors of 23095?
5, 31, 149
List the prime factors of 15748.
2, 31, 127
List the prime factors of 120030.
2, 3, 5, 4001
What are the prime factors of 1791?
3, 199
What are the prime factors of 51325?
5, 2053
List the prime factors of 32074.
2, 7, 29, 79
List the prime factors of 106903.
106903
What are the prime factors of 1039?
1039
List the prime factors of 41467.
41467
What are the prime factors of 2884?
2, 7, 103
List the prime factors of 334.
2, 167
What are the prime factors of 16182?
2, 3, 29, 31
List the prime factors of 36676.
2, 53, 173
List the prime factors of 23114.
2, 7, 13, 127
List the prime factors of 1380.
2, 3, 5, 23
What are the prime factors of 5759?
13, 443
What are the prime factors of 152425?
5, 7, 13, 67
List the prime factors of 6226.
2, 11, 283
List the prime factors of 25189.
25189
List the prime factors of 50947.
13, 3919
List the prime factors of 2521.
2521
List the prime factors of 1378.
2, 13, 53
List the prime factors of 6959.
6959
What are the prime factors of 9965?
5, 1993
List the prime factors of 12686.
2, 6343
What are the prime factors of 1161?
3, 43
List the prime factors of 27864.
2, 3, 43
List the prime factors of 3613.
3613
List the prime factors of 32378.
2, 16189
What are the prime factors of 198?
2, 3, 11
List the prime factors of 4307.
59, 73
What are the prime factors of 21621?
3, 7207
List the prime factors of 489.
3, 163
List the prime factors of 63066.
2, 3, 23, 457
List the prime factors of 5622.
2, 3, 937
What are the prime factors of 42137?
29, 1453
What are the prime factors of 639?
3, 71
List the prime factors of 3378.
2, 3, 563
List the prime factors of 4795.
5, 7, 137
List the prime factors of 37301.
11, 3391
What are the prime factors of 54571?
11, 41
List the prime factors of 1718.
2, 859
What are the prime factors of 5996?
2, 1499
What are the prime factors of 1973?
1973
List the prime factors of 9622.
2, 17, 283
What are the prime factors of 6855?
3, 5, 457
What are the prime factors of 13723?
13723
What are the prime factors of 4540?
2, 5, 227
What are the prime factors of 1979?
1979
What are the prime factors of 3204?
2, 3, 89
What are the prime factors of 556?
2, 139
What are the prime factors of 45426?
2, 3, 67, 113
What are the prime factors of 45903?
3, 11, 13, 107
List the prime factors of 29601.
3, 11, 13, 23
List the prime factors of 10478.
2, 13, 31
What are the prime factors of 18996?
2, 3, 1583
List the prime factors of 7956.
2, 3, 13, 17
List the prime factors of 6846.
2, 3, 7, 163
What are the prime factors of 4063?
17, 239
List the prime factors of 230.
2, 5, 23
What are the prime factors of 604?
2, 151
What are the prime factors of 55317?
3, 18439
List the prime factors of 1325.
5, 53
List the prime factors of 22550.
2, 5, 11, 41
List the prime factors of 1118.
2, 13, 43
List the prime factors of 17179.
41, 419
List the prime factors of 40755.
3, 5, 11, 13, 19
What are the prime factors of 31923?
3, 3547
What are the prime factors of 4322?
2, 2161
List the prime factors of 14197.
14197
What are the prime factors of 727?
727
What are the prime factors of 218?
2, 109
What are the prime factors of 10631?
10631
List the prime factors of 3258.
2, 3, 181
List the prime factors of 108.
2, 3
List the prime factors of 2387.
7, 11, 31
List the prime factors of 53216.
2, 1663
What are the prime factors of 12802?
2, 37, 173
What are the prime factors of 3755?
5, 751
List the prime factors of 20610.
2, 3, 5, 229
What are the prime factors of 86375?
5, 691
What are the prime factors of 41?
41
List the prime factors of 1802.
2, 17, 53
What are the prime factors of 26990?
2, 5, 2699
List the prime factors of 1080.
2, 3, 5
List the prime factors of 2512.
2, 157
What are the prime factors of 1450?
2, 5, 29
List the prime factors of 7756.
2, 7, 277
List the prime factors of 784.
2, 7
List the prime factors of 19292.
2, 7, 13, 53
List the prime factors of 1777.
1777
List the prime factors of 869.
11, 79
What are the prime factors of 13168?
2, 823
What are the prime factors of 254?
2, 127
List the prime factors of 7660.
2, 5, 383
What are the prime factors of 24993?
3, 2777
List the prime factors of 358.
2, 179
List the prime factors of 9749.
9749
What are the prime factors of 21549?
3, 11, 653
List the prime factors of 14812.
2, 7, 23
List the prime factors of 31246.
2, 17, 919
List the prime factors of 1454.
2, 727
List the prime factors of 445.
5, 89
List the prime factors of 5832.
2, 3
What are the prime factors of 64995?
3, 5, 7, 619
What are the prime factors of 1695?
3, 5, 113
What are the prime factors of 7299?
3, 811
What are the prime factors of 10725?
3, 5, 11, 13
List the prime factors of 1049.
1049
List the prime factors of 130887.
3, 14543
List the prime factors of 529.
23
List the prime factors of 17466.
2, 3, 41, 71
What are the prime factors of 1319?
1319
What are the prime factors of 59090?
2, 5, 19, 311
What are the prime factors of 14990?
2, 5, 1499
List the prime factors of 18838.
2, 9419
List the prime factors of 11352.
2, 3, 11, 43
List the prime factors of 61074.
2, 3, 13, 29
List the prime factors of 20075.
5, 11, 73
List the prime factors of 651.
3, 7, 31
List the prime factors of 5281.
5281
List the prime factors of 1731.
3, 577
What are the prime factors of 72321?
3, 24107
What are the prime factors of 1580?
2, 5, 79
What are the prime factors of 260?
2, 5, 13
What are the prime factors of 1022?
2, 7, 73
What are the prime factors of 236?
2, 59
What are the prime factors of 15287?
15287
What are the prime factors of 5371?
41, 131
List the prime factors of 6028.
2, 11, 137
What are the prime factors of 32952?
2, 3, 1373
List the prime factors of 106415.
5, 21283
List the prime factors of 99403.
107, 929
What are the prime factors of 1205?
5, 241
List the prime factors of 155402.
2, 13, 43, 139
List the prime factors of 12567.
3, 59, 71
List the prime factors of 18580.
2, 5, 929
What are the prime factors of 28694?
2, 14347
What are the prime factors of 1905?
3, 5, 127
List the prime factors of 97739.
43, 2273
List the prime factors of 712.
2, 89
What are the prime factors of 495?
3, 5, 11
What are the prime factors of 322?
2, 7, 23
What are the prime factors of 980?
2, 5, 7
What are the prime factors of 6753?
3, 2251
List the prime factors of 693.
3, 7, 11
List the prime factors of 2744.
2, 7
What are the prime factors of 46948?
2, 11, 97
What are the prime factors of 1041?
3, 347
What are the prime factors of 6024?
2, 3, 251
List the prime factors of 8.
2
What are the prime factors of 21622?
2, 19, 569
List the prime factors of 1820.
2, 5, 7, 13
What are the prime factors of 541?
541
List the prime factors of 7901.
7901
What are the prime factors of 35961?
3, 11987
List the prime factors of 22278.
2, 3, 47, 79
List the prime factors of 5048.
2, 631
What are the prime factors of 134728?
2, 11, 1531
What are the prime factors of 108106?
2, 191, 283
List the prime factors of 63452.
2, 29, 547
What are the prime factors of 3098?
2, 1549
List the prime factors of 628.
2, 157
List the prime factors of 1259.
1259
What are the prime factors of 4178?
2, 2089
What are the prime factors of 13312?
2, 13
What are the prime factors of 17473?
101, 173
What are the prime factors of 3009?
3, 17, 59
List the prime factors of 563.
563
List the prime factors of 90041.
7, 19, 677
List the prime factors of 830.
2, 5, 83
What are the prime factors of 2220?
2, 3, 5, 37
What are the prime factors of 147748?
2, 43, 859
What are the prime factors of 86545?
5, 19, 911
What are the prime factors of 1177?
11, 107
What are the prime factors of 1792?
2, 7
What are the prime factors of 86799?
3, 28933
What are the prime factors of 24014?
2, 12007
What are the prime factors of 18793?
18793
What are the prime factors of 356?
2, 89
What are the prime factors of 3152?
2, 197
List the prime factors of 